{"id":1469,"date":"2011-11-29T11:53:24","date_gmt":"2011-11-29T09:53:24","guid":{"rendered":"https:\/\/yerelsen.org.tr\/?page_id=1469"},"modified":"2023-02-21T08:39:47","modified_gmt":"2023-02-21T06:39:47","slug":"pratik-bilgiler","status":"publish","type":"page","link":"https:\/\/yerelsen.org.tr\/index.php\/pratik-bilgiler\/","title":{"rendered":"Pratik Bilgiler"},"content":{"rendered":"<ol>\n<li><span style=\"color: #0000ff;\"><a style=\"color: #0000ff;\" href=\"https:\/\/yerelsen.org.tr\/index.php\/asgari-ucretin-net-hesabi-ve-isverene-maliyeti-2020\/\" target=\"_blank\" rel=\"noopener noreferrer\">Asgar\u00ee \u00dccretin Net Hesab\u0131 ve \u0130\u015fverene Maliyeti (2023)<\/a><\/span><\/li>\n<li><a title=\"K\u0131dem Tazminat\u0131 Y\u0131ll\u0131k Tavan Miktar\u0131 (2015)\" href=\"https:\/\/yerelsen.org.tr\/index.php\/kidem-tazminati-yillik-tavan-miktari-2020\/\" target=\"_blank\" rel=\"noopener noreferrer\"><span style=\"color: #0000ff;\">K\u0131dem Tazminat\u0131 Y\u0131ll\u0131k Tavan Miktar\u0131 (2023)<\/span><\/a><\/li>\n<li><span style=\"color: #0000ff;\"><a style=\"color: #0000ff;\" href=\"https:\/\/yerelsen.org.tr\/index.php\/sigorta-primine-esas-kazancin-alt-ve-ust-siniri\/\">Sigorta Primine Esas Kazanc\u0131n Alt ve \u00dcst S\u0131n\u0131r\u0131\u00a0<\/a><\/span><\/li>\n<li><span style=\"color: #0000ff;\"><a style=\"color: #0000ff;\" href=\"https:\/\/yerelsen.org.tr\/?p=256\">Sigorta Priminde Nazara Al\u0131nmayan Kazan\u00e7lar<\/a><\/span><\/li>\n<li><span style=\"color: #0000ff;\"><a style=\"color: #0000ff;\" href=\"https:\/\/yerelsen.org.tr\/?p=254\">Sigorta Kollar\u0131 Prim Oranlar\u0131<\/a><\/span><\/li>\n<li><span style=\"color: #0000ff;\"><a style=\"color: #0000ff;\" href=\"https:\/\/yerelsen.org.tr\/?p=252\">\u0130\u015fsizlik Sigortas\u0131 Prim Oranlar\u0131 ( 2002 \u2013 2023)<\/a><\/span><\/li>\n<li><span style=\"color: #0000ff;\"><a style=\"color: #0000ff;\" href=\"https:\/\/www.resmigazete.gov.tr\/eskiler\/2022\/12\/20221230M2-13.htm\">Gelir Vergisi Kanunu Had ve Tutarlar<\/a><\/span><\/li>\n<li><span style=\"color: #0000ff;\"><a style=\"color: #0000ff;\" href=\"https:\/\/yerelsen.org.tr\/index.php\/ucretlerden-kesilen-gelir-vergisi-ve-damga-vergisi-oranlari-2020\/\">\u00dccretlerden Kesilen Gelir Vergisi ve Damga Vergisi Oranlar\u0131 ( 2023)<\/a><\/span><\/li>\n<li><span style=\"color: #0000ff;\"><a style=\"color: #0000ff;\" href=\"https:\/\/yerelsen.org.tr\/?p=246\">2003-2022 Temel Y\u0131ll\u0131 T\u00fcketici Fiyatlar\u0131 Endeksi ve De\u011fi\u015fim Oranlar<\/a>\u0131<\/span><\/li>\n<li><span style=\"color: #0000ff;\"><a style=\"color: #0000ff;\" href=\"https:\/\/yerelsen.org.tr\/?p=211\">Zorunlu \u00c7al\u0131\u015ft\u0131rma (2023)<\/a><\/span><\/li>\n<li><span style=\"color: #0000ff;\"><a style=\"color: #0000ff;\" href=\"https:\/\/yerelsen.org.tr\/index.php\/asgari-gecim-indirimi-agi-2020\/\">Asgari Ge\u00e7im \u0130ndirimi (2023)<\/a><\/span><\/li>\n<\/ol>\n","protected":false},"excerpt":{"rendered":"Asgar\u00ee \u00dccretin Net Hesab\u0131 ve \u0130\u015fverene Maliyeti (2023) K\u0131dem Tazminat\u0131 Y\u0131ll\u0131k Tavan Miktar\u0131 (2023) Sigorta Primine Esas Kazanc\u0131n Alt ve [&hellip;]","protected":false},"author":3,"featured_media":0,"parent":0,"menu_order":0,"comment_status":"closed","ping_status":"closed","template":"","meta":{"footnotes":""},"class_list":["post-1469","page","type-page","status-publish","hentry"],"_links":{"self":[{"href":"https:\/\/yerelsen.org.tr\/index.php\/wp-json\/wp\/v2\/pages\/1469","targetHints":{"allow":["GET"]}}],"collection":[{"href":"https:\/\/yerelsen.org.tr\/index.php\/wp-json\/wp\/v2\/pages"}],"about":[{"href":"https:\/\/yerelsen.org.tr\/index.php\/wp-json\/wp\/v2\/types\/page"}],"author":[{"embeddable":true,"href":"https:\/\/yerelsen.org.tr\/index.php\/wp-json\/wp\/v2\/users\/3"}],"replies":[{"embeddable":true,"href":"https:\/\/yerelsen.org.tr\/index.php\/wp-json\/wp\/v2\/comments?post=1469"}],"version-history":[{"count":94,"href":"https:\/\/yerelsen.org.tr\/index.php\/wp-json\/wp\/v2\/pages\/1469\/revisions"}],"predecessor-version":[{"id":10695,"href":"https:\/\/yerelsen.org.tr\/index.php\/wp-json\/wp\/v2\/pages\/1469\/revisions\/10695"}],"wp:attachment":[{"href":"https:\/\/yerelsen.org.tr\/index.php\/wp-json\/wp\/v2\/media?parent=1469"}],"curies":[{"name":"wp","href":"https:\/\/api.w.org\/{rel}","templated":true}]}}