{"id":9379,"date":"2019-09-20T16:21:18","date_gmt":"2019-09-20T14:21:18","guid":{"rendered":"https:\/\/yerelsen.org.tr\/?page_id=9379"},"modified":"2022-12-22T18:52:36","modified_gmt":"2022-12-22T16:52:36","slug":"uyelik-aidati","status":"publish","type":"page","link":"https:\/\/yerelsen.org.tr\/index.php\/uyelik-aidati\/","title":{"rendered":"\u00dcyelik Aidat\u0131"},"content":{"rendered":"<p>YERELSEN Ana T\u00fcz\u00fc\u011f\u00fcn\u00fcn 29. Maddesi h\u00fckm\u00fc ile sendikam\u0131z\u0131n 6. Ola\u011fan Genel Kurulunda al\u0131nan karar uyar\u0131nca \u00fcyelerin \u00f6demesi gereken y\u0131ll\u0131k \u00fcyelik aidat\u0131 taban\u0131n br\u00fct 5 asgari \u00fccret olmas\u0131 kayd\u0131yla, Belediye Ba\u015fkanl\u0131klar\u0131 ve Sular \u0130daresinde %30\u2019unun, \u00dcniversiteler, Kalk\u0131nma Ajanslar\u0131 ve \u0130l \u00d6zel \u0130darelerinde %35\u2019inin, Belediye \u015eirketleri ve Kamu \u015eirketleri i\u00e7in %6\u2019s\u0131n\u0131n 12 ay ile \u00e7arp\u0131m\u0131 \u015feklinde uygulanmakta, y\u0131l i\u00e7erisinde ocak ve temmuz aylar\u0131nda olmak \u00fczere iki taksitte \u00f6denmektedir.<\/p>\n","protected":false},"excerpt":{"rendered":"YERELSEN Ana T\u00fcz\u00fc\u011f\u00fcn\u00fcn 29. Maddesi h\u00fckm\u00fc ile sendikam\u0131z\u0131n 6. Ola\u011fan Genel Kurulunda al\u0131nan karar uyar\u0131nca \u00fcyelerin \u00f6demesi gereken y\u0131ll\u0131k \u00fcyelik [&hellip;]","protected":false},"author":3,"featured_media":0,"parent":0,"menu_order":0,"comment_status":"closed","ping_status":"closed","template":"","meta":{"footnotes":""},"class_list":["post-9379","page","type-page","status-publish","hentry"],"_links":{"self":[{"href":"https:\/\/yerelsen.org.tr\/index.php\/wp-json\/wp\/v2\/pages\/9379","targetHints":{"allow":["GET"]}}],"collection":[{"href":"https:\/\/yerelsen.org.tr\/index.php\/wp-json\/wp\/v2\/pages"}],"about":[{"href":"https:\/\/yerelsen.org.tr\/index.php\/wp-json\/wp\/v2\/types\/page"}],"author":[{"embeddable":true,"href":"https:\/\/yerelsen.org.tr\/index.php\/wp-json\/wp\/v2\/users\/3"}],"replies":[{"embeddable":true,"href":"https:\/\/yerelsen.org.tr\/index.php\/wp-json\/wp\/v2\/comments?post=9379"}],"version-history":[{"count":3,"href":"https:\/\/yerelsen.org.tr\/index.php\/wp-json\/wp\/v2\/pages\/9379\/revisions"}],"predecessor-version":[{"id":10646,"href":"https:\/\/yerelsen.org.tr\/index.php\/wp-json\/wp\/v2\/pages\/9379\/revisions\/10646"}],"wp:attachment":[{"href":"https:\/\/yerelsen.org.tr\/index.php\/wp-json\/wp\/v2\/media?parent=9379"}],"curies":[{"name":"wp","href":"https:\/\/api.w.org\/{rel}","templated":true}]}}